 l(i) = 4*j(i) + w(i). Suppose -287 = -43*m - 29. Is l(m) a composite number?
False
Let x(j) = j**3 - 2*j**2 - 3*j + 5. Let b be (-8)/6*(-27)/12. Let i be x(b). Is 1163 + i*10/25 prime?
False
Let z be 22 + 1010 - (-3 + 11). Let l be 8/12 - (-4814)/6. Suppose l = v + 2*b, -558 - z = -2*v + 4*b. Is v composite?
False
Suppose 2*f + 5*f = 0. Suppose m + 6*m - 35 = f. Suppose -m*a = -8*a + 753. Is a prime?
True
Let b = 69 - 64. Suppose 4*u = -l - 12, u - b*l + 3 = -l. Is (-1)/((-4)/(-508)*u)*15 a prime number?
False
Let x = -290 + 294. Suppose -41987 = -7*d - x*d. Is d composite?
True
Suppose -2*j = 39 - 75. Suppose -15*p + j*p = 21453. Is p prime?
True
Suppose 0 = -4*a - 8. Let r be a/3*6/8*-8. Suppose -r*t = -8 - 1764. Is t composite?
False
Suppose -4*y + 126 + 90 = 0. Let p = -93 + y. Let x = 694 + p. Is x composite?
True
Let w be (7/(-3) - -6)*(1 + 2). Suppose 12*x = 131 - w. Suppose 4*a - 227 = 3*h, 5*h - x*h = -4*a + 221. Is a a composite number?
False
Suppose 23*f + 9 = 14*f. Is (-5)/f*2848/80 composite?
True
Suppose -3 = -3*h + 33. Let m(r) = 10*r + 12. Let x be m(h). Let d = x - -1015. Is d a prime number?
False
Suppose 31*l + 5008716 = 5*w + 32*l, 7*w - 5*l = 7012196. Is w composite?
False
Let q = -632084 + 1044597. Is q prime?
False
Let o = 27479 - 13014. Suppose 0 = 12*j - 17*j + o. Is j prime?
False
Let r(i) be the third derivative of 109*i**4/6 + 19*i**3/2 + 65*i**2 - 2*i. Is r(20) prime?
False
Is -2*82*155188/(-176) + 4 composite?
False
Let j = -100 - -256. Let v = j + -73. Is v composite?
False
Suppose -2*v + 408 = -208. Suppose 2*l = 2242 - v. Suppose -964 = -2*k - 2*z, z - l = k - 3*k. Is k a prime number?
False
Suppose -2309293 = -61*a + 3388051 + 881567. Is a a prime number?
False
Is 507274 - (88/11 - 15)*1 a composite number?
True
Suppose 4*y - 1949 + 425 = 0. Is y*((-8)/12)/((-2)/11) a prime number?
False
Suppose 2*p - 148250 = -2*q, 2*q - 83779 + 454446 = 5*p. Is p composite?
False
Let h = -96803 - -356710. Is h composite?
False
Let j(o) = -o**3 + 11*o**2 + 11*o + 12. Let i be j(12). Suppose 3216 = 4*f + 4*l, 5*f + i*l = -l + 4012. Suppose 5*d = -f + 11097. Is d a composite number?
True
Suppose 15*f - 232116 + 188458 = 240187. Is f a prime number?
False
Let n(r) = 8058*r**3 + 7*r**2 - 208*r + 827. Is n(4) composite?
True
Let y(j) = 14075*j - 2266. Is y(27) prime?
False
Let t(u) be the second derivative of 41*u**5/20 - 5*u**4/12 - 5*u**3/6 + 5*u**2/2 + 25*u. Let m be t(5). Suppose 0 = 8*l - m - 2036. Is l a composite number?
False
Let g = -1260417 + 2082114. Is g a composite number?
True
Let k = 78935 + -44182. Is k composite?
True
Suppose -47*l + 30*l = -4767157. Is l prime?
False
Suppose -2*m + 56 = -5*v, 2*m + 6*v - 3*v - 24 = 0. Suppose 0 = m*g + 11*g - 72587. Is g prime?
True
Let x = 131 - 136. Let z be 247/(-1)*-19 - x. Let u = 7945 - z. Is u a composite number?
True
Is (132/12 - 13)*(-5731037)/26 prime?
True
Let k = 12967 - 7770. Is k prime?
True
Suppose 10*t - 11*t = 4588. Let o = -3156 - t. Suppose -z + 1202 = -4*h, 3*z - o = -4*h + 2222. Is z a prime number?
False
Let r(u) be the second derivative of -u**5/20 + u**4/2 - 2*u**3/3 + 5*u**2/2 - 21*u. Let c be r(4). Is 124/(-8)*7/(c/(-6)) prime?
True
Suppose 373100 = 2*y + 2*y + 4*r, 0 = y - 7*r - 93291. Is y composite?
True
Let n be 12 - 10 - (0 + -1). Suppose -5*r = -3*j + 18349, 0 = -3*j + n*r - 7*r + 18331. Is j prime?
True
Is (-1 - 1396996/(-4)) + -13 a composite number?
True
Suppose -93073 - 210030 = -47*u. Is u a prime number?
True
Suppose 196665 = 4*b - 211811. Is b prime?
False
Let p(u) = u**2 - 1. Let g(f) = -35*f**2 + 6*f - 6. Let h(i) = -g(i) - p(i). Is h(-3) a prime number?
True
Let m(z) = z**3 + 7*z**2 - 4*z - 46. Let b be m(-5). Is 1747 - b/(-16)*4 composite?
False
Suppose 6*h = -3*h - 49329. Let m be (h/15)/((-3)/15). Suppose m = -z + 10*z. Is z a prime number?
False
Let y be 3530/(-90) - -11 - 2/(-9). Is -2*(269870/y - 32/112) a composite number?
True
Suppose 4235*u - 4253*u + 8250426 = 0. Is u a composite number?
False
Suppose -5*y - 85*b = -84*b - 169665, 4*y - 135732 = 2*b. Is y composite?
True
Let b(l) = -13360*l - 1455. Is b(-14) a prime number?
False
Suppose -3*t = 6, 12970 = 3*w + 3*t + 169. Is w a composite number?
True
Let q = 363415 - -301056. Is q a composite number?
False
Let a = 291172 - 180645. Is a prime?
True
Is -51*(2*76/(-24) + 0) composite?
True
Is 5451040/616 - 2/22 a prime number?
True
Suppose 5*u - h = h + 5340, 0 = -4*u - 5*h + 4272. Let d = u - -2139. Is d composite?
True
Let j = -30 - -34. Let g be (-4)/j*33*(-1192)/6. Suppose 5*d - d = g. Is d composite?
True
Let m(d) = 99*d**3 - 2*d**2 + 2*d - 2. Let b be m(1). Let t = 97 - b. Suppose 6*h - 2603 = 3*h + 2*j, h - 5*j - 859 = t. Is h prime?
False
Let i(j) = 0*j**2 + 0*j**2 + 26 + 24*j - 8*j**2 + 7*j**2. Let k be i(24). Suppose -77 = -2*a - 5*x - k, -5*x + 74 = 3*a. Is a a composite number?
False
Suppose x = -f + 5709, 5*f = -2*x - 0*x + 11430. Suppose 11*t + x = 16*t. Is t composite?
True
Let z = 24398 - 34549. Let i = -4512 - z. Is i a composite number?
False
Let y = 29264 - 15405. Is y composite?
False
Is (-54)/(-90) + (-4730644)/(-10) composite?
True
Let s = 21255 + 26678. Is s prime?
True
Let t(b) = -19*b**3 + 74*b - 31. Is t(-10) composite?
False
Let n(j) = -j**3 - 14*j**2 - 23*j + 17. Let m be n(-12). Let x(s) = 24*s + 71. Is x(m) a composite number?
False
Suppose -27*o - 12 = -28*o. Suppose -4*s = 5*i + o, -3*s - 9 = -5*i - 0*i. Suppose p + 0*p - 921 = i. Is p a composite number?
True
Let x be (-33200)/(-28) - 8/(-28). Suppose 9*f = 8*f + 202. Suppose 4*i - x = f. Is i a composite number?
False
Suppose 5*o = 4*s - 30 - 3, 2*s = -o - 1. Suppose 5*l + 4*r = -11653, -r - 2324 = l + s*r. Let w = 3670 + l. Is w a composite number?
True
Suppose -12*n + 165*n = 15670413. Is n a composite number?
True
Is (7 + 264/(-36))*(-26232 + -9) prime?
True
Let o be ((-90)/(-50))/(6/4)*5. Let p(l) = 630*l - 37. Is p(o) a prime number?
False
Suppose -298648293 + 12927519 = -318*z. Is z prime?
True
Let u(a) = 18*a - 149. Let d be u(9). Suppose -d*z - 74652 = -17*z - 2*i, -4*i - 18645 = -z. Is z a composite number?
False
Let u = -6721 - -15342. Is u composite?
True
Suppose 2*t = 130 - 50. Is 4/(t/44970) + 1 + -1 a composite number?
True
Let k be (-5)/2*(-2 - (-72)/45). Is (-5 + k - -1)*-2633 composite?
True
Let y be 12/(-42) + (-1)/(-7)*16200. Let h = y + -1175. Is h a composite number?
True
Let y(m) = 273*m**2 + 106*m + 563. Is y(-16) composite?
True
Let y(h) = -10*h - 60. Let t be y(-10). Is (0 - (-8)/(-20)) + 7656/t composite?
False
Suppose -63370 = -3*n + 5*i + 88449, 7*n - 354299 = -2*i. Is n prime?
False
Let o = 14 + -8. Let p(s) = 3*s - 13. Let q be p(o). Is q/30 + 34/12*313 composite?
False
Let c = 1240 + -535. Suppose 0 = -2*k - 97 - c. Is (-4 - k) + (0 - 0) prime?
True
Let v(b) = -5*b + 105. Let t be v(20). Suppose t*w = 4*w - 3*s + 71, -w = -5*s - 111. Is w a prime number?
False
Let p(j) = -j**2 + 11*j - 27. Let m be p(6). Suppose -m*c = -4*n - 19, -6*n - 11 = -3*c - 4*n. Is c*(0 + 702 + -1) prime?
True
Suppose -y + 11*y - 1460 = 0. Is (4/18*3)/(y/1423281) a composite number?
True
Suppose 0 = -30*c + 10*c - 11*c + 3498443. Is c a prime number?
False
Let z = 7 + -11. Suppose -3*j + 33 = 27. Is (6 - j) + (-4452)/z prime?
True
Suppose 0*d + 3*d - 61 = -5*v, -4*d - 68 = -4*v. Suppose -v*s - 6 = -11*s. Is (s + (-581)/3)/((-7)/21) a prime number?
True
Let j(m) = m**2 - 9*m - 25. Let w be j(13). Suppose -83370 = w*b - 33*b. Suppose -4*a - 4406 + 15512 = h, 5*h = 5*a - b. Is a a prime number?
True
Let x be ((-16)/(-10) + -1)/((-2)/(-10)). Let n be 5 + -3 - (-3)/x. Suppose -n*q + 5*w - 3*w = -1487, q + 2*w - 509 = 0. Is q prime?
True
Let o(w) = 2*w**2 + 176*w + 2463. Is o(-79) prime?
False
Let v = 70073 + -29852. Suppose 0 = 8*w - v + 6645. Is w prime?
False
Let z be (1291/4)/(2*2/48). Suppose -11*c - 386 = -z. Is (3 - 1)/(-3 - (-953)/c) prime?
True
Let x(c) = 1 + c + 487*c**2 - 487*c**2 - c**3 - 2*c. Let b(p) = -p**3 - 10*p**2 - 16*p + 7. Let r(a) = -b(a) + 2*x(a). Is r(-6) composite?
False
Let y(k) = 2*k**3 - 10*k**2 + 11*k - 10. Let n be y(4). Let g = 1 - -2. Suppose -w = -t + g*t - 1084, 0 = 3*t + n*w - 1627. Is t a composite number?
False
Let h(n) = 128873*n**2 + 424*n - 843. Is h(2)